 20. Suppose 0 = -n*w + w + 320. What is the tens digit of w?
6
Suppose 9*i = -793 + 4231. What is the tens digit of i?
8
Suppose 12*f - 11*f - 5439 = 0. What is the hundreds digit of f?
4
Let f(i) be the first derivative of -2*i**3/3 - i**2 + 9. Let u be f(-2). Let p = 28 + u. What is the tens digit of p?
2
Let p(q) be the first derivative of -5*q**2 - 15*q - 20. What is the units digit of p(-8)?
5
Let n(j) = -2*j**3 - 3*j**2 - 28*j - 21. What is the hundreds digit of n(-8)?
0
Let d = -438 + 682. Suppose -4*u + d = -164. Let q = 149 - u. What is the units digit of q?
7
Let r = -202 - -869. What is the hundreds digit of r?
6
Let f(z) = 7*z - 1. Suppose -2*q = -3*o - 6*q + 20, -2 = -2*o + 3*q. Suppose 3*h - 12 = 3*b, 2*h + 4*b - 2*b = o. What is the tens digit of f(h)?
2
Suppose -4*i + 3*i + 277 = 0. Let z = -183 + i. What is the units digit of z?
4
Suppose -2*k = 3*s - 185, 5*s + 0*k = -3*k + 309. What is the tens digit of 1/7 - (-9189)/s?
4
Let y(o) = -2*o + 12. Let j be y(6). Suppose j = -b + 3 + 9. Suppose b + 10 = g + w, 0 = 3*g - 2*w - 86. What is the tens digit of g?
2
Let i(b) = -b**3 - 34*b**2 - 5*b - 160. What is the hundreds digit of i(-35)?
2
Let c(h) = -5*h - 1. Let t be c(-1). Suppose -2*g - 3*u = g + 42, -t*g = -u + 56. Let o = g + 23. What is the units digit of o?
9
Let r(y) = 2*y**3 - 79*y**2 - 93*y - 75. What is the hundreds digit of r(41)?
1
Let p = -1239 + 1241. What is the units digit of p?
2
What is the hundreds digit of -2 + 113 - (-1 + -3)?
1
Let t(b) = -2*b + 6*b + 16*b**2 - 6*b**2 - 51. What is the units digit of t(5)?
9
Let r be -1 + 2 + -2 - -87. Let d = r + 14. Suppose 3*y = -5*g + d, -4*g + 3*y = -2*y - 80. What is the units digit of g?
0
Suppose 3*g + 2*z + 3*z - 11888 = 0, -19880 = -5*g + 5*z. What is the hundreds digit of g?
9
Suppose 1197 = 3*g + 3*x, -4*g + 9*g - 3*x - 2019 = 0. What is the units digit of g?
2
Suppose 2*g - 1061 = 5*d, 5*d = -20*g + 19*g + 553. What is the units digit of g?
8
Let p = 15 - 13. Suppose 5*k + 52 = -p*c, 4*k + 20 + 15 = 5*c. Let q = k + 34. What is the units digit of q?
4
What is the units digit of (-204 - -6)*2/(-4) + -3?
6
Suppose 17*z + 145 = 22*z. Let u = z - 21. What is the units digit of u?
8
Let o be 0/(-3) + 4 - 4. Suppose -s - d + 73 = o, s - 85 + 16 = d. What is the units digit of s?
1
Let i(w) = -w**3 + 18*w**2 + 22*w - 78. What is the units digit of i(16)?
6
Let a(x) = 2*x**2 - x - 1. Let k(v) = v**3 + 26*v**2 - 30*v - 37. Let g(y) = -3*a(y) + k(y). What is the units digit of g(-21)?
2
Suppose -9*j - 5*v = -10*j + 24, -5*j - 5*v = 0. What is the units digit of j?
4
Let q(z) = -4*z + 25. Let c be q(6). What is the units digit of (-3)/c + 432/6?
9
Suppose 2*h = 16 - 8. Suppose -h*c - c = -275. What is the tens digit of c?
5
Let o(y) = 3*y + 9. Let l be o(-6). Let d = l - -15. Let g(p) = -p**2 + 6*p + 1. What is the units digit of g(d)?
1
Let h(v) = 21*v**2 - 33*v + 124. What is the hundreds digit of h(9)?
5
Let h(p) = -39*p + 173. What is the tens digit of h(-22)?
3
Let v = -483 + 2281. What is the units digit of v?
8
Let q(z) = 488*z - 160. What is the units digit of q(2)?
6
Suppose -2*s = -r - 7 + 2, 5*r + 4*s = 31. Let y(x) be the third derivative of -x**5/60 + 5*x**4/12 - x**3/2 - x**2. What is the units digit of y(r)?
8
Suppose -80*h + 57*h = -22747. What is the units digit of h?
9
Let c = 1432 - 851. What is the tens digit of c?
8
Let o(p) = p**2 - 453*p + 451*p - 29 + 3*p**2. What is the units digit of o(-7)?
1
Let q = 670 + -1222. What is the tens digit of q/(-10) - 10/50?
5
Let o = -1559 + 3819. Suppose -c + 0*g = -3*g + 4, 0 = -2*c + g + 2. What is the units digit of c/(-7) - o/(-70)?
2
Let p be ((-9)/(-2))/((-1)/(-2)). Suppose -8*d - 11 = -p*d. Suppose -216 = -5*c - d. What is the units digit of c?
1
Let w(y) = y**3 + 2*y**2 - 15*y - 57. What is the hundreds digit of w(9)?
6
Let n = -3497 + 7885. What is the hundreds digit of n?
3
Let u = 72 + -71. Let a be -1*2*(1 + 0). What is the tens digit of (u/a - 0)*-36?
1
Let t(d) = -d + 1. Let x be t(-1). Suppose 2*j = -5*u + 30, 4*j = u + 4*u. Let p = x + u. What is the units digit of p?
6
Suppose 6*c - 9515 = -5*c. What is the hundreds digit of c?
8
What is the thousands digit of ((-14599)/(-78))/((1/1)/6)?
1
Let m be ((-50)/2)/5 + 1. What is the units digit of (-7)/(-28) + (-31)/m?
8
Suppose 0 = -y - 4. Let t(h) be the second derivative of -h**3/3 - 3*h**2 - h. What is the units digit of t(y)?
2
Suppose 17*z - 175 = 3174. What is the hundreds digit of z?
1
Suppose -4*q + 280 = -c, -q = 3*q - 2*c - 276. Suppose 0 = -7*j + 90 + q. What is the units digit of j?
3
Suppose -39 - 72 = -3*o. Let j = o - -51. What is the tens digit of j?
8
What is the tens digit of ((-118)/5)/((-35)/1225)?
2
Suppose -r + 0 = -3. Suppose 13 = b + 4*t, 4*t - r = -3*b + 4. What is the units digit of -1 - 0 - 11*b?
2
Let o = 2111 - 579. What is the tens digit of o?
3
Suppose 1818 = 77*p - 74*p. What is the units digit of p?
6
What is the tens digit of (-63)/((39/(-4))/13)?
8
Suppose 0 = -2*v + o + 5230, -4*v = -4*o - 3569 - 6883. What is the thousands digit of v?
2
What is the tens digit of (-910)/(-4)*(-2 + 4)?
5
What is the tens digit of (8 + 5576/(-16))/((-3)/4)?
5
Let b = 1107 + 1169. What is the tens digit of b?
7
Suppose -35*r + 36444 = -63131. What is the units digit of r?
5
Let k(d) = -d**3 + d**2 + d + 18. Let p be k(0). Let g(i) = -i**3 - 15*i**2 - i - 21. Let c be g(-15). Let v = p + c. What is the tens digit of v?
1
Let p = 1184 - -1010. What is the thousands digit of p?
2
Let x(o) = o**3 - o**2 + o - 1. Let k(y) = -14*y**2 - 13*y + 10. Let n(g) = k(g) - x(g). What is the tens digit of n(-12)?
3
Let n = 231 - 73. What is the hundreds digit of n?
1
Suppose -4*a - 5*a = -1746. What is the tens digit of a?
9
Let m(o) = -o**3 - 7*o**2 - 13*o - 1. Let p(n) = n**3 + n**2 - 2. Let y be p(-2). What is the units digit of m(y)?
1
Let p = 9 - -38. Let v = p - 30. What is the tens digit of v?
1
Suppose 4*t - 1772 = 2*t. Suppose -3*s = -5*m + 1114, -3*m - 5*s + t = 204. Suppose -4*w + 0*w + m = 0. What is the units digit of w?
6
Suppose -311*p + 4503 = t - 314*p, 0 = -2*t - 4*p + 9006. What is the hundreds digit of t?
5
Let d(m) = 4*m - 9. Let i be d(6). Suppose 3*n = -5*h + i, -3*n + h - 3 = -0*n. Let v(p) = p + 15. What is the tens digit of v(n)?
1
Suppose -6*a = -3*a + 3. Let c be (a - 0)/((-1)/5). Suppose 12 = -c*l + 132. What is the units digit of l?
4
Suppose 4*l - 1313 - 6851 = 0. What is the hundreds digit of l?
0
Let u(s) = s**3 + 8*s**2 + 3*s + 1. What is the hundreds digit of u(6)?
5
Let o = -22 - -26. Let p(w) = -w**2 - 12*w - 11. Let i be p(-11). Suppose 4*z = -z - o*g + 184, i = 4*z + 2*g - 146. What is the units digit of z?
6
Let w(a) = 65*a**2 + a + 1. Let y be w(-1). Suppose 4*m = -y + 169. Suppose -m = -o - 3. What is the units digit of o?
3
Let d = 149 + 1626. What is the hundreds digit of d?
7
Let o = 894 + -552. What is the units digit of o?
2
Let k(y) = -15*y + 4. Let g be k(6). Let m = g - -120. What is the units digit of 3/9 - m/(-6)?
6
Let s(b) = 127*b + 1. Let u be s(-1). Let x = -51 - u. What is the units digit of x?
5
Let l = -11 + 20. Suppose -2*k - 2*j = j + 7, l = k - j. Suppose -c + 19 = -k*a, 2*a = -3*c - 3*a + 23. What is the tens digit of c?
1
What is the units digit of (-608)/(-228)*(-18045)/(-12)?
0
Suppose 21*w - 118186 = -33220. What is the units digit of w?
6
Let n be -1 - ((-9)/6 - 12/8). Suppose n*y = -d + 273 + 74, 2*y + 4*d = 344. What is the units digit of y?
4
Let u = -250 - -335. What is the tens digit of u?
8
Let v(z) = z**3 - 17*z**2 - 19*z + 7. Let q be v(18). Let b(m) = -3*m + 24. What is the units digit of b(q)?
7
Let n be ((-2)/8 + 1)/((-1)/(-124)). Suppose -372 = -m - 3*m - 5*s, m - s - n = 0. What is the tens digit of m?
9
Let j = -606 + 5531. What is the units digit of j?
5
Let y = 189 + -331. Let m = 8 - y. Let r = m + -98. What is the units digit of r?
2
Suppose 247 - 713 = -2*v. What is the tens digit of v?
3
Let p(b) = 3*b**2 + 22*b + 121. What is the units digit of p(-29)?
6
Let j(v) = -2*v**2 + 4. Let o be j(-2). What is the tens digit of (-12)/(-15)*10/o*-142?
8
Let d(y) = -y - 11. Suppose g + 15 = u, -5*u = -4*g - 49 - 14. Let l be d(g). Suppose -2*v + z + 70 = -l, 0 = -v - 2*